.
-59
Evaluate (2 - -3) + -5 + (11 - (7 - 85)).
89
((1 - (1 - 1)) + 7 - (-6 + 21)) + -12
-19
26 + 19 + (-316 - -322)
51
What is -20 + (-56 + 30 - -36) + -73?
-83
Evaluate -38 + (-52 + 19 - (24 - -17)).
-112
What is the value of -78 + 16797 + -16806 + (0 - (2 + 0 - 1))?
-88
35 + 0 + (35 - 104 - -55)
21
-276 - -267 - (0 - -4 - (-10 + 1 + -22))
-44
What is the value of -16 + (3 - (-8 + 7 - 7)) + -37?
-42
Calculate (4 - (-3 + -8)) + -41 + 38 + -10.
2
Calculate 0 - 21 - (-118 - -108 - -104).
-115
Evaluate 13 - (-40 - 6 - -40).
19
Calculate -42 - (-120 + (31 - 65)).
112
What is -1 - 82 - (-4757 - -4751)?
-77
What is (75 - 150 - -93) + -86?
-68
Evaluate (-18 + 32 - 35) + 32 + (-53 - 3).
-45
Evaluate 0 + -98 + (-62 + 18 + 36 - (4 - 22)).
-88
Calculate (48 - 4) + -96 + 69 - -28.
45
(-4 - (-5 + 3) - 43) + (-10 - -11)
-44
(-1 - -56) + (4339 - 4373)
21
-53 + (-140 - -282) + 28
117
What is 7 + 20 + -45 + 0?
-18
1 + 11 - (-845 - -880)
-23
What is (-1 - 45) + -6 + 53 + -31 + -27?
-57
What is -7 + (4 - (10 - 18)) - (7 + -48 + 4)?
42
What is -54 + (12 + 1 - (8 + -25 - -14))?
-38
Calculate 1 + 8 + (0 - 63 - (33 + -27 - 10)).
-50
Calculate -18 + 1 + 1 + 20 + -15.
-11
What is 1 + 2 - (8395 - 8457)?
65
Evaluate -105 + (164 - (-70 - -102)).
27
Evaluate 51 + 1374 + -1344 + -2 + -72.
7
Calculate (-68 - -84) + -19 - (5 + -76).
68
Evaluate 15 + -17 + 30 - -4 - 56.
-24
Calculate (-6002 - -6021) + (24 - 2).
41
What is 15 - -2 - (12 + 74 - (11 - 19))?
-77
Calculate 49 - 45 - 40 - -51.
15
What is -3 + 27 - (361 - 320)?
-17
(-11 - -11) + 60 + 315 + -301
74
What is (-61 - (-40 - 9)) + (-2 - -32) + -3?
15
Evaluate 49 + -21 + -30 - (-1 + 0 - 125 - -2).
122
(0 + (0 - 4) - -16) + (-93 - 3)
-84
What is the value of (-40 - -36) + -11 + -14 - -15?
-14
What is (-1 - -101) + (-77 + 122 - (36 - -2))?
107
What is -9 + (-3 - 9) + (-20 - (-15 - 18)) - -77?
69
Evaluate 10 - (114 - 80) - 10.
-34
What is -48 + (6 - (-88 - -91 - (-5 + -2)))?
-52
What is the value of (34 - (19 + 1) - 30) + -52?
-68
What is (1457 + -1471 - (5 - 0)) + -20?
-39
-7 - (-19 + 6 - (-7 - 1)) - 15
-17
What is 14 - ((-11 - -8) + 7)?
10
What is the value of 2 + (5 + 20 - -5)?
32
What is -2 + 169 + -118 + 158 + -60?
147
Calculate (-17 + 43 + 1 - 175) + (-2 - -11).
-139
33 + 36 + (74 - 127)
16
Calculate 31 + -71 - -8 - 16.
-48
-38 - (8 - 2 - 16) - -7
-21
Evaluate -22 + -39 + 24 - -28 - (0 - -15).
-24
Evaluate -11 + -13 + -12 + (6 - 3 - (-5 + 14)).
-42
Calculate 61 + 1 + -1 + -1 + -34895 + 34899.
64
What is the value of 63 + 29 - (3 - (32 + -54))?
67
Calculate -72 - (-1 - (-69 + 56)).
-84
Calculate (-182 - -4 - -28) + 0 + (-7 - (-13 - -4)).
-148
What is 6 + 85 + (-35 - -38)?
94
Evaluate 20 - (6 - 0) - (60 + -60) - 6.
8
-3 + -84 + 25 - (-11 + -11)
-40
What is 48 + (10 + 18 + -38 - (-1 + 2))?
37
What is 28 - 8 - (6 - (6 - -16))?
36
Calculate (-1 - 19) + (-3 - (9 - 32)).
0
Calculate (-229 - -117) + 33 + 0 + -4.
-83
What is the value of -17 - 53 - (4 + -13 - -1 - -2)?
-64
Evaluate -227 - -112 - (76 - 158).
-33
What is the value of (10 - (-2 - -2)) + (-16 - -15 - -21)?
30
What is -45 - (47 + -82) - -53?
43
What is 0 + 7 - ((2 - -5) + 22 + (-52 - -29))?
1
What is the value of 1 + (23 - ((1 - 3) + 6) - (-67 + 56))?
31
0 + -2 + -5 + (33 - (4 + -122 + 80))
64
What is the value of (-3 - -5) + (1 - 7) - (-38 - -55 - -16)?
-37
What is the value of (-20 - -85) + 7 + (43 - 48)?
67
Evaluate (1 - 37 - -63) + -11 + 27.
43
What is -2 + -3 + (52 - -2) + 104 + -108?
45
(110 - 112) + (65 - -11)
74
Calculate -1 + -2 + 3 + -1 + (87 + -133 - 33).
-80
Calculate 13 + -43 + 31 - ((-3 - (-122 + -2)) + -4).
-116
13 + -2 + (-26 + 42 - 11)
16
Calculate 109 + 1 - (-7407 - -7471).
46
Evaluate 5 + (2 - -2 - ((10 - 21) + 18)) - 11.
-9
What is (44917 - 44915) + 0 + 62 + (-4 - -3) + 1?
64
What is the value of (2 - 27 - -16) + -5 + 2 + 23?
11
What is the value of (10 - 0) + (-79 - -155) + -67 + 57?
76
What is 9 + 4 + 12 - 49 - -2?
-22
What is the value of 119 + -109 + (4 - -1) - (-1 + 8)?
8
Evaluate -13 + (57 - 0) - (16 + 3).
25
What is 78 + -2 + (-18 - 14 - (7 + -26))?
63
Evaluate (-1 + 6 - (-15 + 2 + 12)) + (3 - 3).
6
What is (-26 + (-1 - -14) - 73 - -5) + 16?
-65
What is the value of ((-3 - (0 + -8)) + 1 - (-84 - -56)) + -5?
29
(38 - (-2 + 1 + 5)) + (3076 - 3056)
54
Calculate 55 + (3 - 10) - (1 - (7 - 7 - 0)).
47
9 + -68 - (-342 - -356)
-73
What is 136 - (23 - 21 - 2) - (-7 - -11 - -9)?
123
What is the value of 1 + 8 + (-60 - -51) + 29 - 11?
18
What is (-52 + 56 - -33) + -80?
-43
-28 + 110 + -73 + 2 + -22
-11
Evaluate 69 + (-42 + -5 + 36 - (-2 - (-2 - -4))).
62
Calculate 32 + -62 + 59 - 26.
3
Evaluate -186 - -299 - (-47 + 247).
-87
Evaluate -50 + (13 - 0) - (-22 + 11).
-26
What is the value of 10 + 1 + (-5 - 24)?
-18
What is -39 - (78 + -150 - -68)?
-35
What is -79 + 35 + 87 - -40?
83
What is (-6 - 0 - (-60 - -55) - -12) + (1 - 20)?
-8
Evaluate -124 + 145 - (3 - 31).
49
Calculate 35 + 24 + 1 + 1 + (18 - 3).
76
What is the value of -26 - (-10 + 7 - (-12 + 2))?
-33
Evaluate ((-3 - -5) + -24 - 0) + -51.
-73
What is the value of 9 - 1 - (-11 - 4 - (-96 + 77))?
4
What is (-71 - 50) + 138 - (1 + 12)?
4
Calculate -19 + (-36 - -50 - (5 - 6)).
-4
(-11 + 26 - 78) + (3 - ((-1 - 0) + 6))
-65
What is -65 + (32 - (2 + -18))?
-17
What is the value of -18 + -3 + -27 + 89?
41
What is the value of 31 - (-16 + 9 + 6 + 2)?
30
What is -1 + 102 + (23 - (168 - 126))?
82
What is (-6747 - -6738) + (0 - -6 - (-5 + 3 + 0))?
-1
Calculate -18 + 33 + (194 - 263).
-54
(-2 - 109) + (48 - (-119 + 147))
-91
Evaluate -1 + -7 + -3 - (-17 + -28 + 33).
1
What is the value of -44 - (-28 + -23 + 14 + 3)?
-10
Calculate (-30 - (33 + -54)) + -1 + 3 + 72 + 7.
72
What is -289 - -307 - (5 + -24)?
37
What is the value of 69 + (-34 - 13) + 31?
53
Calculate (2 - (3 + -18)) + (-19 - 1) + 12 + -10.
-1
What is the value of (-79 - -35 - -40) + -27?
-31
Evaluate (-7 - -1) + (119 - 104) + (2 - -12) + -75.
-52
Calculate -37 - ((23 - 19) + (-4 - -4 - (-4 + 5))).
-40
Evaluate 0 + 49 + 4 + (246 - 257).
42
What is 1 - ((-1 + 1 - (2 + -29 + 23)) + 9)?
-12
What is the value of (31 - 37 - 14) + -65 + 20?
-65
What is -2 - (-2 + -7) - ((-9 - 56) + 94)?
-22
What is -1326 - -1327 - (3 + (2 - 33))?
29
What is the value of -15 + 3 + -16 + 73?
45
What is the value of 10 - (14 + -3 + -4 + -3)?
6
21 + -19 + (12 + 9 - 30) + 1 + -12
-18
What is (49 - (144 - 46)) + 46?
-3
Calculate -158 + 165 - (-2 + 45) - (-5 - 8).
-23
What is the value of (-12401 - -12483) + 4 + 0 + 2?
88
Evaluate -1 - (-56 + 70 + 69).
-84
What is 112 + 140 + -265 + (0 - (1 - 3))?
-11
What is 9 + 6 - 5 - (-27 - 58 - (-2 + 6))?
99
What is 1 - -88 - ((-7 - -37) + -15)?
74
Calculate (48 - (-10 + 60)) + (-5 + 3 - 9) - -6.
-7
Calculate 0 - (-3 + -2) - (52 + (-33 - -29 - -23)).
-66
What is 112 + -99 + (0 - -3) + -16?
0
Evaluate -35 + (-12 + 8 - -52).
13
Evaluate -1 + 16 + -7 + (-4 - (-8 + 0)) + 28.
40
Evaluate (-1 - 43) + 1440 + -1408.
-12
Evaluate -28 + -17 + (10 - (-8 + 0 + 12 + 2)).
-41
What is the value of -9 + -3 + 1 + 2 + 24 + (55 - 47)?
23
-5 + (-37 - -23 - -55 - (-4 - (2 - 13)))
29
-11 - (-1 + -25 + (14 - -13 - (0 + 20)))
8
What is the value of 38 - (137 + -115) - (2 - 57)?
71
Evaluate 27 - (-29 + -66 + 39).
83
What is the value of -4 - 1 - (-9 + 31 + -19) - -5?
-3
Evaluate -50 + -52 + -39 + 124.
-17
What is (5 - (12 + (-5 - 2))) + (13 - -2) + -3?
12
What is 42 + 1 + (-263 - -278) - 13?
45
Calculate -39 + (5 + 2 - (4 - (-7 - -20))).
-23
Evaluate 5 - 0 - (-26 - 15 - 12 - (-17 + 38)).
79
Evaluate 38 + 3 - ((629 - 616) + (-1 - -5)).
24
What is 48 - (-41 - 24 - -190)?
-77
What is the value of 50 - -29 - 6 - 15 - 1?
57
What is the value of -52 + 31 + (2 - 3) + 12 + 6 + -11?
-15
-10 + (157 - 73 - 82) + -8 + 1 + 0
-15
What is 96 + 184 + -108 + -103?
69
-236 + 5 + 221 + (2 + -1 - 6)
-15
11 + (-11 - -45) + -26
19
What is the value of (-10 - -2 - -4) + (-5 + 12 - 1 - -6)?
8
0 + 22 - -1 - (19420 - 19374)
-23
What is the value of 17 - (70 - (45 - 7))?
-15
(-39 - -147) + (-1 - -1) + (-1 - 3) + -7
97
What is 41 + -59 - (7 - 2)?
-23
-3 + -42 + 107 + -54
8
-4 + (-38 - 1) - (71 - (101 - 47))
-60
Calculate -14 + -27 + 41 + (2 - 2).
0
Evaluate -56 + (-25 - (52 + -90)).
-43
-22 - ((10 - (26 - 14) - 12) + 23)
-31
What is (-1471 - -1320) + (0 - -75)?
-76
171 - (67 - 11) - 73
4